{"id":6070,"date":"2019-07-04T15:22:25","date_gmt":"2019-07-04T18:22:25","guid":{"rendered":"https:\/\/www.educamaker.com.br\/portal\/?post_type=product&#038;p=6070"},"modified":"2019-07-04T15:25:15","modified_gmt":"2019-07-04T18:25:15","slug":"concurso-da-prefeitura-municipal-de-ibipora-pr","status":"publish","type":"product","link":"https:\/\/www.educamaker.com.br\/portal\/produto\/concurso-da-prefeitura-municipal-de-ibipora-pr\/","title":{"rendered":"Concurso da Prefeitura Municipal de Ibipor\u00e3 &#8211; PR"},"content":{"rendered":"<h2><strong>Como funciona?<\/strong><\/h2>\n<p>Depois que voc\u00ea se matricular ir\u00e1 receber todo conte\u00fado de L\u00edngua Portuguesa e Matem\u00e1tica em videoaulas, s\u00e3o mais de 400 v\u00eddeos para voc\u00ea n\u00e3o perder nenhum conte\u00fado. Tudo isso est\u00e1 dentro de uma Plataforma Inteligente que ir\u00e1 analisar seu desempenho e descartar aquilo que voc\u00ea j\u00e1 sabe, criando um Plano de Ensino Customizado.<\/p>\n<p>As disciplinas de Inform\u00e1tica e Conhecimentos Gerais, ser\u00e3o ministradas AO VIVO e voc\u00ea ir\u00e1 acompanh\u00e1-las do conforto da SUA CASA no \u00faltimos 15 dias que antecedem a prova do concurso.<\/p>\n<h2><strong>E se eu perder as aulas AO VIVO?<\/strong><\/h2>\n<p>N\u00e3o tem problema. As aulas Ao Vivo ficar\u00e3o gravadas para voc\u00ea assistir quando quiser e puder.<\/p>\n<h2><strong>Quais cargos do CONCURSO esse curso \u00e9 INDICADO?<\/strong><\/h2>\n<p>TABELA 10.1<\/p>\n<p>&#8211; Lavador\/Lubrificador de Ve\u00edculos;<br \/>\n&#8211; Operador de Motosserra;<br \/>\n&#8211; Operador de Ro\u00e7adeira;<\/p>\n<p>&nbsp;<\/p>\n<p>TABELA 10.2<\/p>\n<p>&#8211; Condutor de Ve\u00edculos;<br \/>\n&#8211; Encanador;<br \/>\n&#8211; Mec\u00e2nico;<br \/>\n&#8211; Operador de Ilumina\u00e7\u00e3o e Sonoplastia;<br \/>\n&#8211; Operador de M\u00e1quinas Motrizes.<\/p>\n<p>TABELA 10.3<\/p>\n<p>&#8211; Agente Comunit\u00e1rio de Sa\u00fade;<br \/>\n&#8211; Agente Municipal de tr\u00e2nsito;<br \/>\n&#8211; Auxiliar administrativo;<br \/>\n&#8211; Cuidador Social;<br \/>\n&#8211; Educador Infantil;<br \/>\n&#8211; Instrutor de Libras;<br \/>\n&#8211; T\u00e9cnico Agr\u00edcola;<br \/>\n&#8211; T\u00e9cnico de \u00c1udio visual;<br \/>\n&#8211; T\u00e9cnico de Laborat\u00f3rio;<br \/>\n&#8211; T\u00e9cnico em Meio Ambiente;<br \/>\n&#8211; T\u00e9cnico em Radiologia;<br \/>\n&#8211; T\u00e9cnico em Sa\u00fade Bucal.<\/p>\n<p><span style=\"color: #ff0000;\">Obs: N\u00c3O OFERECEMOS OS NENHUM CONTE\u00daDO PARA AS DISCIPLINAS DE CONHECIMENTOS ESPEC\u00cdFICOS PARA OS CARGOS DA TABELA 10,3<\/span><\/p>\n","protected":false},"excerpt":{"rendered":"<p>O melhor conte\u00fado da regi\u00e3o para voc\u00ea detonar e conseguir sua vaga no servi\u00e7o p\u00fablico de Ibipor\u00e3 &#8211; PR. Todos os conte\u00fados necess\u00e1rio para voc\u00ea estudar, voc\u00ea encontra aqui.<\/p>\n<p>E se voc\u00ea est\u00e1 pensando que n\u00e3o d\u00e1 tempo de estudar em 30 dias, voc\u00ea est\u00e1 pensando errado! Com nossa plataforma de estudos inteligente voc\u00ea poder\u00e1 se preparar em menos tempo do que imagina. Maiores detalhes na descri\u00e7\u00e3o do produto nessa p\u00e1gina.<\/p>\n","protected":false},"featured_media":6075,"template":"","meta":[],"product_brand":[],"product_cat":[22,58],"product_tag":[],"class_list":{"0":"post-6070","1":"product","2":"type-product","3":"status-publish","4":"has-post-thumbnail","6":"product_cat-sem-categoria","7":"product_cat-videoaulas","9":"first","10":"instock","11":"sale","12":"shipping-taxable","13":"purchasable","14":"product-type-simple"},"yoast_head":"<!-- This site is optimized with the Yoast SEO plugin v27.2 - https:\/\/yoast.com\/product\/yoast-seo-wordpress\/ -->\n<title>Concurso da Prefeitura Municipal de Ibipor\u00e3 - PR - Cursinho Online Educamaker<\/title>\n<meta name=\"robots\" content=\"noindex, follow, max-snippet:-1, max-image-preview:large, max-video-preview:-1\" \/>\n<meta name=\"twitter:card\" content=\"summary_large_image\" \/>\n<meta name=\"twitter:title\" content=\"Concurso da Prefeitura Municipal de Ibipor\u00e3 - PR - Cursinho Online Educamaker\" \/>\n<meta name=\"twitter:description\" content=\"O melhor conte\u00fado da regi\u00e3o para voc\u00ea detonar e conseguir sua vaga no servi\u00e7o p\u00fablico de Ibipor\u00e3 - PR. Todos os conte\u00fados necess\u00e1rio para voc\u00ea estudar, voc\u00ea encontra aqui.  E se voc\u00ea est\u00e1 pensando que n\u00e3o d\u00e1 tempo de estudar em 30 dias, voc\u00ea est\u00e1 pensando errado! Com nossa plataforma de estudos inteligente voc\u00ea poder\u00e1 se preparar em menos tempo do que imagina. Maiores detalhes na descri\u00e7\u00e3o do produto nessa p\u00e1gina.\" \/>\n<meta name=\"twitter:image\" content=\"https:\/\/www.educamaker.com.br\/portal\/wp-content\/uploads\/2019\/07\/concurso-ibipor\u00e3.jpg\" \/>\n<meta name=\"twitter:label1\" content=\"Est. tempo de leitura\" \/>\n\t<meta name=\"twitter:data1\" content=\"1 minuto\" \/>\n<script type=\"application\/ld+json\" class=\"yoast-schema-graph\">{\"@context\":\"https:\/\/schema.org\",\"@graph\":[{\"@type\":\"WebPage\",\"@id\":\"https:\/\/www.educamaker.com.br\/portal\/produto\/concurso-da-prefeitura-municipal-de-ibipora-pr\/\",\"url\":\"https:\/\/www.educamaker.com.br\/portal\/produto\/concurso-da-prefeitura-municipal-de-ibipora-pr\/\",\"name\":\"Concurso da Prefeitura Municipal de Ibipor\u00e3 - PR - Cursinho Online Educamaker\",\"isPartOf\":{\"@id\":\"https:\/\/www.educamaker.com.br\/portal\/#website\"},\"primaryImageOfPage\":{\"@id\":\"https:\/\/www.educamaker.com.br\/portal\/produto\/concurso-da-prefeitura-municipal-de-ibipora-pr\/#primaryimage\"},\"image\":{\"@id\":\"https:\/\/www.educamaker.com.br\/portal\/produto\/concurso-da-prefeitura-municipal-de-ibipora-pr\/#primaryimage\"},\"thumbnailUrl\":\"https:\/\/www.educamaker.com.br\/portal\/wp-content\/uploads\/2019\/07\/concurso-ibipor\u00e3.jpg\",\"datePublished\":\"2019-07-04T18:22:25+00:00\",\"dateModified\":\"2019-07-04T18:25:15+00:00\",\"breadcrumb\":{\"@id\":\"https:\/\/www.educamaker.com.br\/portal\/produto\/concurso-da-prefeitura-municipal-de-ibipora-pr\/#breadcrumb\"},\"inLanguage\":\"pt-BR\",\"potentialAction\":[{\"@type\":\"ReadAction\",\"target\":[\"https:\/\/www.educamaker.com.br\/portal\/produto\/concurso-da-prefeitura-municipal-de-ibipora-pr\/\"]}]},{\"@type\":\"ImageObject\",\"inLanguage\":\"pt-BR\",\"@id\":\"https:\/\/www.educamaker.com.br\/portal\/produto\/concurso-da-prefeitura-municipal-de-ibipora-pr\/#primaryimage\",\"url\":\"https:\/\/www.educamaker.com.br\/portal\/wp-content\/uploads\/2019\/07\/concurso-ibipor\u00e3.jpg\",\"contentUrl\":\"https:\/\/www.educamaker.com.br\/portal\/wp-content\/uploads\/2019\/07\/concurso-ibipor\u00e3.jpg\",\"width\":800,\"height\":1200},{\"@type\":\"BreadcrumbList\",\"@id\":\"https:\/\/www.educamaker.com.br\/portal\/produto\/concurso-da-prefeitura-municipal-de-ibipora-pr\/#breadcrumb\",\"itemListElement\":[{\"@type\":\"ListItem\",\"position\":1,\"name\":\"In\u00edcio\",\"item\":\"https:\/\/www.educamaker.com.br\/portal\/\"},{\"@type\":\"ListItem\",\"position\":2,\"name\":\"Produtos\",\"item\":\"https:\/\/www.educamaker.com.br\/portal\/loja\/\"},{\"@type\":\"ListItem\",\"position\":3,\"name\":\"Concurso da Prefeitura Municipal de Ibipor\u00e3 &#8211; PR\"}]},{\"@type\":\"WebSite\",\"@id\":\"https:\/\/www.educamaker.com.br\/portal\/#website\",\"url\":\"https:\/\/www.educamaker.com.br\/portal\/\",\"name\":\"Cursinho Online Educamaker\",\"description\":\"Cursinho Online focado nos principais vestibulares e no ENEM\",\"publisher\":{\"@id\":\"https:\/\/www.educamaker.com.br\/portal\/#organization\"},\"potentialAction\":[{\"@type\":\"SearchAction\",\"target\":{\"@type\":\"EntryPoint\",\"urlTemplate\":\"https:\/\/www.educamaker.com.br\/portal\/?s={search_term_string}\"},\"query-input\":{\"@type\":\"PropertyValueSpecification\",\"valueRequired\":true,\"valueName\":\"search_term_string\"}}],\"inLanguage\":\"pt-BR\"},{\"@type\":\"Organization\",\"@id\":\"https:\/\/www.educamaker.com.br\/portal\/#organization\",\"name\":\"Educamaker\",\"url\":\"https:\/\/www.educamaker.com.br\/portal\/\",\"logo\":{\"@type\":\"ImageObject\",\"inLanguage\":\"pt-BR\",\"@id\":\"https:\/\/www.educamaker.com.br\/portal\/#\/schema\/logo\/image\/\",\"url\":\"https:\/\/www.educamaker.com.br\/portal\/wp-content\/uploads\/2018\/04\/Logo-Principal.png\",\"contentUrl\":\"https:\/\/www.educamaker.com.br\/portal\/wp-content\/uploads\/2018\/04\/Logo-Principal.png\",\"width\":1250,\"height\":834,\"caption\":\"Educamaker\"},\"image\":{\"@id\":\"https:\/\/www.educamaker.com.br\/portal\/#\/schema\/logo\/image\/\"},\"sameAs\":[\"https:\/\/facebook.com\/educamakerbr\",\"https:\/\/instagram.com\/educamaker\",\"https:\/\/www.youtube.com\/educamaker\"]}]}<\/script>\n<!-- \/ Yoast SEO plugin. -->","yoast_head_json":{"title":"Concurso da Prefeitura Municipal de Ibipor\u00e3 - PR - Cursinho Online Educamaker","robots":{"index":"noindex","follow":"follow","max-snippet":"max-snippet:-1","max-image-preview":"max-image-preview:large","max-video-preview":"max-video-preview:-1"},"twitter_card":"summary_large_image","twitter_title":"Concurso da Prefeitura Municipal de Ibipor\u00e3 - PR - Cursinho Online Educamaker","twitter_description":"O melhor conte\u00fado da regi\u00e3o para voc\u00ea detonar e conseguir sua vaga no servi\u00e7o p\u00fablico de Ibipor\u00e3 - PR. Todos os conte\u00fados necess\u00e1rio para voc\u00ea estudar, voc\u00ea encontra aqui.  E se voc\u00ea est\u00e1 pensando que n\u00e3o d\u00e1 tempo de estudar em 30 dias, voc\u00ea est\u00e1 pensando errado! Com nossa plataforma de estudos inteligente voc\u00ea poder\u00e1 se preparar em menos tempo do que imagina. Maiores detalhes na descri\u00e7\u00e3o do produto nessa p\u00e1gina.","twitter_image":"https:\/\/www.educamaker.com.br\/portal\/wp-content\/uploads\/2019\/07\/concurso-ibipor\u00e3.jpg","twitter_misc":{"Est. tempo de leitura":"1 minuto"},"schema":{"@context":"https:\/\/schema.org","@graph":[{"@type":"WebPage","@id":"https:\/\/www.educamaker.com.br\/portal\/produto\/concurso-da-prefeitura-municipal-de-ibipora-pr\/","url":"https:\/\/www.educamaker.com.br\/portal\/produto\/concurso-da-prefeitura-municipal-de-ibipora-pr\/","name":"Concurso da Prefeitura Municipal de Ibipor\u00e3 - PR - Cursinho Online Educamaker","isPartOf":{"@id":"https:\/\/www.educamaker.com.br\/portal\/#website"},"primaryImageOfPage":{"@id":"https:\/\/www.educamaker.com.br\/portal\/produto\/concurso-da-prefeitura-municipal-de-ibipora-pr\/#primaryimage"},"image":{"@id":"https:\/\/www.educamaker.com.br\/portal\/produto\/concurso-da-prefeitura-municipal-de-ibipora-pr\/#primaryimage"},"thumbnailUrl":"https:\/\/www.educamaker.com.br\/portal\/wp-content\/uploads\/2019\/07\/concurso-ibipor\u00e3.jpg","datePublished":"2019-07-04T18:22:25+00:00","dateModified":"2019-07-04T18:25:15+00:00","breadcrumb":{"@id":"https:\/\/www.educamaker.com.br\/portal\/produto\/concurso-da-prefeitura-municipal-de-ibipora-pr\/#breadcrumb"},"inLanguage":"pt-BR","potentialAction":[{"@type":"ReadAction","target":["https:\/\/www.educamaker.com.br\/portal\/produto\/concurso-da-prefeitura-municipal-de-ibipora-pr\/"]}]},{"@type":"ImageObject","inLanguage":"pt-BR","@id":"https:\/\/www.educamaker.com.br\/portal\/produto\/concurso-da-prefeitura-municipal-de-ibipora-pr\/#primaryimage","url":"https:\/\/www.educamaker.com.br\/portal\/wp-content\/uploads\/2019\/07\/concurso-ibipor\u00e3.jpg","contentUrl":"https:\/\/www.educamaker.com.br\/portal\/wp-content\/uploads\/2019\/07\/concurso-ibipor\u00e3.jpg","width":800,"height":1200},{"@type":"BreadcrumbList","@id":"https:\/\/www.educamaker.com.br\/portal\/produto\/concurso-da-prefeitura-municipal-de-ibipora-pr\/#breadcrumb","itemListElement":[{"@type":"ListItem","position":1,"name":"In\u00edcio","item":"https:\/\/www.educamaker.com.br\/portal\/"},{"@type":"ListItem","position":2,"name":"Produtos","item":"https:\/\/www.educamaker.com.br\/portal\/loja\/"},{"@type":"ListItem","position":3,"name":"Concurso da Prefeitura Municipal de Ibipor\u00e3 &#8211; PR"}]},{"@type":"WebSite","@id":"https:\/\/www.educamaker.com.br\/portal\/#website","url":"https:\/\/www.educamaker.com.br\/portal\/","name":"Cursinho Online Educamaker","description":"Cursinho Online focado nos principais vestibulares e no ENEM","publisher":{"@id":"https:\/\/www.educamaker.com.br\/portal\/#organization"},"potentialAction":[{"@type":"SearchAction","target":{"@type":"EntryPoint","urlTemplate":"https:\/\/www.educamaker.com.br\/portal\/?s={search_term_string}"},"query-input":{"@type":"PropertyValueSpecification","valueRequired":true,"valueName":"search_term_string"}}],"inLanguage":"pt-BR"},{"@type":"Organization","@id":"https:\/\/www.educamaker.com.br\/portal\/#organization","name":"Educamaker","url":"https:\/\/www.educamaker.com.br\/portal\/","logo":{"@type":"ImageObject","inLanguage":"pt-BR","@id":"https:\/\/www.educamaker.com.br\/portal\/#\/schema\/logo\/image\/","url":"https:\/\/www.educamaker.com.br\/portal\/wp-content\/uploads\/2018\/04\/Logo-Principal.png","contentUrl":"https:\/\/www.educamaker.com.br\/portal\/wp-content\/uploads\/2018\/04\/Logo-Principal.png","width":1250,"height":834,"caption":"Educamaker"},"image":{"@id":"https:\/\/www.educamaker.com.br\/portal\/#\/schema\/logo\/image\/"},"sameAs":["https:\/\/facebook.com\/educamakerbr","https:\/\/instagram.com\/educamaker","https:\/\/www.youtube.com\/educamaker"]}]}},"_links":{"self":[{"href":"https:\/\/www.educamaker.com.br\/portal\/wp-json\/wp\/v2\/product\/6070","targetHints":{"allow":["GET"]}}],"collection":[{"href":"https:\/\/www.educamaker.com.br\/portal\/wp-json\/wp\/v2\/product"}],"about":[{"href":"https:\/\/www.educamaker.com.br\/portal\/wp-json\/wp\/v2\/types\/product"}],"wp:featuredmedia":[{"embeddable":true,"href":"https:\/\/www.educamaker.com.br\/portal\/wp-json\/wp\/v2\/media\/6075"}],"wp:attachment":[{"href":"https:\/\/www.educamaker.com.br\/portal\/wp-json\/wp\/v2\/media?parent=6070"}],"wp:term":[{"taxonomy":"product_brand","embeddable":true,"href":"https:\/\/www.educamaker.com.br\/portal\/wp-json\/wp\/v2\/product_brand?post=6070"},{"taxonomy":"product_cat","embeddable":true,"href":"https:\/\/www.educamaker.com.br\/portal\/wp-json\/wp\/v2\/product_cat?post=6070"},{"taxonomy":"product_tag","embeddable":true,"href":"https:\/\/www.educamaker.com.br\/portal\/wp-json\/wp\/v2\/product_tag?post=6070"}],"curies":[{"name":"wp","href":"https:\/\/api.w.org\/{rel}","templated":true}]}}