{"id":1456,"date":"2018-08-30T16:31:18","date_gmt":"2018-08-30T19:31:18","guid":{"rendered":"https:\/\/www.educamaker.com.br\/portal\/?post_type=product&#038;p=1456"},"modified":"2019-07-23T12:29:00","modified_gmt":"2019-07-23T15:29:00","slug":"maker-literatura-uel-2018-2019","status":"publish","type":"product","link":"https:\/\/www.educamaker.com.br\/portal\/produto\/maker-literatura-uel-2018-2019\/","title":{"rendered":"Plano Maker Literatura UEL 2018\/2019"},"content":{"rendered":"<p>O que comp\u00f5e o Plano?<\/p>\n<p>1 \u2013 Livro de resumos e resenhas das 10 obras liter\u00e1rias que ser\u00e3o cobras no vestibular da UEL nos anos de 2018 e 2019;<\/p>\n<p>2 \u2013 10 aulas, uma sobre cada um dos livros com o professor Celso Pagnan (mais de 20 anos de experi\u00eancia em vestibulares e doutor pela USP em Literatura);<\/p>\n<p>3 \u2013 Ao adquirir o livro e as aulas o aluno vai ganhar um encontro Ao Vivo com o professor na v\u00e9spera da prova para tirar todas as suas d\u00favidas.<\/p>\n<p>Quais s\u00e3o as obras?<\/p>\n<ol>\n<li>Barroco &#8211; Greg\u00f3rio de Matos<\/li>\n<li>O dem\u00f4nio familiar &#8211; Jos\u00e9 de Alencar<\/li>\n<li>Amor de Perdi\u00e7\u00e3o &#8211; Camilo Castelo Brancos<\/li>\n<li>Clara dos Anjos &#8211; Lima Barreto<\/li>\n<li>Alguma poesia &#8211; Carlos Drummond de Andrade<\/li>\n<li>A hora da Estrela &#8211; Clarice Lispector<\/li>\n<li>Vozes anoitecidas &#8211; Mia Couto<\/li>\n<li>Com\u00e9dia para se ler na escola &#8211; Lu\u00eds Fernando Verissimo<\/li>\n<li>O filho eterno &#8211; Cristov\u00e3oTezza<\/li>\n<li>10. Quarenta dias &#8211; Maria Val\u00e9ria Vasconcelos Rezende<\/li>\n<\/ol>\n<p><strong>ISBN<\/strong>: 978-85-8396-118-5<\/p>\n","protected":false},"excerpt":{"rendered":"<p>S\u00e3o 10 Aulas e 10 resumos de todas as obras liter\u00e1rias exigidas pelo vestibular da UEL + Aula Ao Vivo com o Professor.<\/p>\n<h6 style=\"text-align: center;\"><span style=\"color: #0000ff;\"><strong>Entrega em at\u00e9 72 horas \u00fateis para as cidades: Londrina, Camb\u00e9, Rol\u00e2ndia e Ibipor\u00e3.<\/strong><\/span><\/h6>\n","protected":false},"featured_media":1459,"template":"","meta":[],"product_brand":[],"product_cat":[24,40,25,55],"product_tag":[],"class_list":{"0":"post-1456","1":"product","2":"type-product","3":"status-publish","4":"has-post-thumbnail","6":"product_cat-apostilas","7":"product_cat-literatura","8":"product_cat-livros","9":"product_cat-uel","10":"product_shipping_class-apostilas","12":"first","13":"instock","14":"sale","15":"featured","16":"shipping-taxable","17":"purchasable","18":"product-type-simple"},"yoast_head":"<!-- This site is optimized with the Yoast SEO plugin v27.2 - https:\/\/yoast.com\/product\/yoast-seo-wordpress\/ -->\n<title>Plano Maker Literatura UEL 2018\/2019 - Cursinho Online Educamaker<\/title>\n<meta name=\"robots\" content=\"noindex, follow, max-snippet:-1, max-image-preview:large, max-video-preview:-1\" \/>\n<meta name=\"twitter:card\" content=\"summary_large_image\" \/>\n<meta name=\"twitter:title\" content=\"Plano Maker Literatura UEL 2018\/2019 - Cursinho Online Educamaker\" \/>\n<meta name=\"twitter:description\" content=\"S\u00e3o 10 Aulas e 10 resumos de todas as obras liter\u00e1rias exigidas pelo vestibular da UEL + Aula Ao Vivo com o Professor. Entrega em at\u00e9 72 horas \u00fateis para as cidades: Londrina, Camb\u00e9, Rol\u00e2ndia e Ibipor\u00e3.\" \/>\n<meta name=\"twitter:image\" content=\"https:\/\/www.educamaker.com.br\/portal\/wp-content\/uploads\/2018\/08\/makerliteratura-uel-2.png\" \/>\n<meta name=\"twitter:label1\" content=\"Est. tempo de leitura\" \/>\n\t<meta name=\"twitter:data1\" content=\"1 minuto\" \/>\n<script type=\"application\/ld+json\" class=\"yoast-schema-graph\">{\"@context\":\"https:\/\/schema.org\",\"@graph\":[{\"@type\":\"WebPage\",\"@id\":\"https:\/\/www.educamaker.com.br\/portal\/produto\/maker-literatura-uel-2018-2019\/\",\"url\":\"https:\/\/www.educamaker.com.br\/portal\/produto\/maker-literatura-uel-2018-2019\/\",\"name\":\"Plano Maker Literatura UEL 2018\/2019 - Cursinho Online Educamaker\",\"isPartOf\":{\"@id\":\"https:\/\/www.educamaker.com.br\/portal\/#website\"},\"primaryImageOfPage\":{\"@id\":\"https:\/\/www.educamaker.com.br\/portal\/produto\/maker-literatura-uel-2018-2019\/#primaryimage\"},\"image\":{\"@id\":\"https:\/\/www.educamaker.com.br\/portal\/produto\/maker-literatura-uel-2018-2019\/#primaryimage\"},\"thumbnailUrl\":\"https:\/\/www.educamaker.com.br\/portal\/wp-content\/uploads\/2018\/08\/makerliteratura-uel-2.png\",\"datePublished\":\"2018-08-30T19:31:18+00:00\",\"dateModified\":\"2019-07-23T15:29:00+00:00\",\"breadcrumb\":{\"@id\":\"https:\/\/www.educamaker.com.br\/portal\/produto\/maker-literatura-uel-2018-2019\/#breadcrumb\"},\"inLanguage\":\"pt-BR\",\"potentialAction\":[{\"@type\":\"ReadAction\",\"target\":[\"https:\/\/www.educamaker.com.br\/portal\/produto\/maker-literatura-uel-2018-2019\/\"]}]},{\"@type\":\"ImageObject\",\"inLanguage\":\"pt-BR\",\"@id\":\"https:\/\/www.educamaker.com.br\/portal\/produto\/maker-literatura-uel-2018-2019\/#primaryimage\",\"url\":\"https:\/\/www.educamaker.com.br\/portal\/wp-content\/uploads\/2018\/08\/makerliteratura-uel-2.png\",\"contentUrl\":\"https:\/\/www.educamaker.com.br\/portal\/wp-content\/uploads\/2018\/08\/makerliteratura-uel-2.png\",\"width\":265,\"height\":397},{\"@type\":\"BreadcrumbList\",\"@id\":\"https:\/\/www.educamaker.com.br\/portal\/produto\/maker-literatura-uel-2018-2019\/#breadcrumb\",\"itemListElement\":[{\"@type\":\"ListItem\",\"position\":1,\"name\":\"In\u00edcio\",\"item\":\"https:\/\/www.educamaker.com.br\/portal\/\"},{\"@type\":\"ListItem\",\"position\":2,\"name\":\"Produtos\",\"item\":\"https:\/\/www.educamaker.com.br\/portal\/loja\/\"},{\"@type\":\"ListItem\",\"position\":3,\"name\":\"Plano Maker Literatura UEL 2018\/2019\"}]},{\"@type\":\"WebSite\",\"@id\":\"https:\/\/www.educamaker.com.br\/portal\/#website\",\"url\":\"https:\/\/www.educamaker.com.br\/portal\/\",\"name\":\"Cursinho Online Educamaker\",\"description\":\"Cursinho Online focado nos principais vestibulares e no ENEM\",\"publisher\":{\"@id\":\"https:\/\/www.educamaker.com.br\/portal\/#organization\"},\"potentialAction\":[{\"@type\":\"SearchAction\",\"target\":{\"@type\":\"EntryPoint\",\"urlTemplate\":\"https:\/\/www.educamaker.com.br\/portal\/?s={search_term_string}\"},\"query-input\":{\"@type\":\"PropertyValueSpecification\",\"valueRequired\":true,\"valueName\":\"search_term_string\"}}],\"inLanguage\":\"pt-BR\"},{\"@type\":\"Organization\",\"@id\":\"https:\/\/www.educamaker.com.br\/portal\/#organization\",\"name\":\"Educamaker\",\"url\":\"https:\/\/www.educamaker.com.br\/portal\/\",\"logo\":{\"@type\":\"ImageObject\",\"inLanguage\":\"pt-BR\",\"@id\":\"https:\/\/www.educamaker.com.br\/portal\/#\/schema\/logo\/image\/\",\"url\":\"https:\/\/www.educamaker.com.br\/portal\/wp-content\/uploads\/2018\/04\/Logo-Principal.png\",\"contentUrl\":\"https:\/\/www.educamaker.com.br\/portal\/wp-content\/uploads\/2018\/04\/Logo-Principal.png\",\"width\":1250,\"height\":834,\"caption\":\"Educamaker\"},\"image\":{\"@id\":\"https:\/\/www.educamaker.com.br\/portal\/#\/schema\/logo\/image\/\"},\"sameAs\":[\"https:\/\/facebook.com\/educamakerbr\",\"https:\/\/instagram.com\/educamaker\",\"https:\/\/www.youtube.com\/educamaker\"]}]}<\/script>\n<!-- \/ Yoast SEO plugin. -->","yoast_head_json":{"title":"Plano Maker Literatura UEL 2018\/2019 - Cursinho Online Educamaker","robots":{"index":"noindex","follow":"follow","max-snippet":"max-snippet:-1","max-image-preview":"max-image-preview:large","max-video-preview":"max-video-preview:-1"},"twitter_card":"summary_large_image","twitter_title":"Plano Maker Literatura UEL 2018\/2019 - Cursinho Online Educamaker","twitter_description":"S\u00e3o 10 Aulas e 10 resumos de todas as obras liter\u00e1rias exigidas pelo vestibular da UEL + Aula Ao Vivo com o Professor. Entrega em at\u00e9 72 horas \u00fateis para as cidades: Londrina, Camb\u00e9, Rol\u00e2ndia e Ibipor\u00e3.","twitter_image":"https:\/\/www.educamaker.com.br\/portal\/wp-content\/uploads\/2018\/08\/makerliteratura-uel-2.png","twitter_misc":{"Est. tempo de leitura":"1 minuto"},"schema":{"@context":"https:\/\/schema.org","@graph":[{"@type":"WebPage","@id":"https:\/\/www.educamaker.com.br\/portal\/produto\/maker-literatura-uel-2018-2019\/","url":"https:\/\/www.educamaker.com.br\/portal\/produto\/maker-literatura-uel-2018-2019\/","name":"Plano Maker Literatura UEL 2018\/2019 - Cursinho Online Educamaker","isPartOf":{"@id":"https:\/\/www.educamaker.com.br\/portal\/#website"},"primaryImageOfPage":{"@id":"https:\/\/www.educamaker.com.br\/portal\/produto\/maker-literatura-uel-2018-2019\/#primaryimage"},"image":{"@id":"https:\/\/www.educamaker.com.br\/portal\/produto\/maker-literatura-uel-2018-2019\/#primaryimage"},"thumbnailUrl":"https:\/\/www.educamaker.com.br\/portal\/wp-content\/uploads\/2018\/08\/makerliteratura-uel-2.png","datePublished":"2018-08-30T19:31:18+00:00","dateModified":"2019-07-23T15:29:00+00:00","breadcrumb":{"@id":"https:\/\/www.educamaker.com.br\/portal\/produto\/maker-literatura-uel-2018-2019\/#breadcrumb"},"inLanguage":"pt-BR","potentialAction":[{"@type":"ReadAction","target":["https:\/\/www.educamaker.com.br\/portal\/produto\/maker-literatura-uel-2018-2019\/"]}]},{"@type":"ImageObject","inLanguage":"pt-BR","@id":"https:\/\/www.educamaker.com.br\/portal\/produto\/maker-literatura-uel-2018-2019\/#primaryimage","url":"https:\/\/www.educamaker.com.br\/portal\/wp-content\/uploads\/2018\/08\/makerliteratura-uel-2.png","contentUrl":"https:\/\/www.educamaker.com.br\/portal\/wp-content\/uploads\/2018\/08\/makerliteratura-uel-2.png","width":265,"height":397},{"@type":"BreadcrumbList","@id":"https:\/\/www.educamaker.com.br\/portal\/produto\/maker-literatura-uel-2018-2019\/#breadcrumb","itemListElement":[{"@type":"ListItem","position":1,"name":"In\u00edcio","item":"https:\/\/www.educamaker.com.br\/portal\/"},{"@type":"ListItem","position":2,"name":"Produtos","item":"https:\/\/www.educamaker.com.br\/portal\/loja\/"},{"@type":"ListItem","position":3,"name":"Plano Maker Literatura UEL 2018\/2019"}]},{"@type":"WebSite","@id":"https:\/\/www.educamaker.com.br\/portal\/#website","url":"https:\/\/www.educamaker.com.br\/portal\/","name":"Cursinho Online Educamaker","description":"Cursinho Online focado nos principais vestibulares e no ENEM","publisher":{"@id":"https:\/\/www.educamaker.com.br\/portal\/#organization"},"potentialAction":[{"@type":"SearchAction","target":{"@type":"EntryPoint","urlTemplate":"https:\/\/www.educamaker.com.br\/portal\/?s={search_term_string}"},"query-input":{"@type":"PropertyValueSpecification","valueRequired":true,"valueName":"search_term_string"}}],"inLanguage":"pt-BR"},{"@type":"Organization","@id":"https:\/\/www.educamaker.com.br\/portal\/#organization","name":"Educamaker","url":"https:\/\/www.educamaker.com.br\/portal\/","logo":{"@type":"ImageObject","inLanguage":"pt-BR","@id":"https:\/\/www.educamaker.com.br\/portal\/#\/schema\/logo\/image\/","url":"https:\/\/www.educamaker.com.br\/portal\/wp-content\/uploads\/2018\/04\/Logo-Principal.png","contentUrl":"https:\/\/www.educamaker.com.br\/portal\/wp-content\/uploads\/2018\/04\/Logo-Principal.png","width":1250,"height":834,"caption":"Educamaker"},"image":{"@id":"https:\/\/www.educamaker.com.br\/portal\/#\/schema\/logo\/image\/"},"sameAs":["https:\/\/facebook.com\/educamakerbr","https:\/\/instagram.com\/educamaker","https:\/\/www.youtube.com\/educamaker"]}]}},"_links":{"self":[{"href":"https:\/\/www.educamaker.com.br\/portal\/wp-json\/wp\/v2\/product\/1456","targetHints":{"allow":["GET"]}}],"collection":[{"href":"https:\/\/www.educamaker.com.br\/portal\/wp-json\/wp\/v2\/product"}],"about":[{"href":"https:\/\/www.educamaker.com.br\/portal\/wp-json\/wp\/v2\/types\/product"}],"wp:featuredmedia":[{"embeddable":true,"href":"https:\/\/www.educamaker.com.br\/portal\/wp-json\/wp\/v2\/media\/1459"}],"wp:attachment":[{"href":"https:\/\/www.educamaker.com.br\/portal\/wp-json\/wp\/v2\/media?parent=1456"}],"wp:term":[{"taxonomy":"product_brand","embeddable":true,"href":"https:\/\/www.educamaker.com.br\/portal\/wp-json\/wp\/v2\/product_brand?post=1456"},{"taxonomy":"product_cat","embeddable":true,"href":"https:\/\/www.educamaker.com.br\/portal\/wp-json\/wp\/v2\/product_cat?post=1456"},{"taxonomy":"product_tag","embeddable":true,"href":"https:\/\/www.educamaker.com.br\/portal\/wp-json\/wp\/v2\/product_tag?post=1456"}],"curies":[{"name":"wp","href":"https:\/\/api.w.org\/{rel}","templated":true}]}}