{"id":2101,"date":"2018-12-20T12:56:25","date_gmt":"2018-12-20T15:56:25","guid":{"rendered":"https:\/\/www.educamaker.com.br\/portal\/?page_id=2101"},"modified":"2019-01-25T10:25:14","modified_gmt":"2019-01-25T13:25:14","slug":"programa-adote-um-aluno","status":"publish","type":"page","link":"https:\/\/www.educamaker.com.br\/portal\/programa-adote-um-aluno\/","title":{"rendered":"Programa Adote um Aluno"},"content":{"rendered":"<p style=\"text-align: right; margin-right: 15px; font-family: Raleway; font-weight: 900; font-size: 50px; line-height: 60px;\">EducaMaker<\/p>\n<p style=\"text-align: right; font-family: raleway; margin-right: 15px; font-weight: 900; font-size: 25px; line-height: 0px;\">Responsabilidade Social<\/p>\n<p><img loading=\"lazy\" decoding=\"async\" src=\"https:\/\/www.educamaker.com.br\/portal\/wp-content\/uploads\/2019\/01\/linha-banner-300x26.png\" alt=\"\" width=\"330\" height=\"50\" \/><\/p>\n<p style=\"font-family: raleway; font-weight: 900; color: #22d5d4; font-size: 49px; line-height: 20px; margin-left: 150px;\">Programa<\/p>\n<p style=\"text-align: right; font-family: raleway; font-weight: 900; font-size: 36px; line-height: 65px; margin-right: 32px;\">Adote um Aluno<\/p>\n<p style=\"text-align: right; font-family: raleway; font-weight: 900; font-size: 60px; line-height: 10px; margin-bottom: 20px;\">2019<\/p>\n<p><img loading=\"lazy\" decoding=\"async\" src=\"https:\/\/www.educamaker.com.br\/portal\/wp-content\/uploads\/2019\/01\/linha-banner-300x26.png\" alt=\"\" width=\"330\" height=\"50\" \/><\/p>\n<p style=\"width: 340px; font-family: raleway; font-weight: 500; font-size: 22px; text-align: center; margin-left: 120px;\">&#8220;Com um pequeno investimento, voc\u00ea transforma a vida de muitos jovens brasileiros.&#8221;<\/p>\n<p>\t\t\t\t\t\t\t\t\t\t\t<a href=\"https:\/\/www.educamaker.com.br\/portal\/produto\/programa-adote-um-aluno-2019\/\" data-elementor-open-lightbox=\"\"><br \/>\n\t\t\t\t\t\t\t<img loading=\"lazy\" decoding=\"async\" width=\"750\" height=\"750\" src=\"https:\/\/www.educamaker.com.br\/portal\/wp-content\/uploads\/2019\/01\/novaface-1.png\" alt=\"\" srcset=\"https:\/\/www.educamaker.com.br\/portal\/wp-content\/uploads\/2019\/01\/novaface-1.png 1000w, https:\/\/www.educamaker.com.br\/portal\/wp-content\/uploads\/2019\/01\/novaface-1-150x150.png 150w, https:\/\/www.educamaker.com.br\/portal\/wp-content\/uploads\/2019\/01\/novaface-1-300x300.png 300w, https:\/\/www.educamaker.com.br\/portal\/wp-content\/uploads\/2019\/01\/novaface-1-768x768.png 768w, https:\/\/www.educamaker.com.br\/portal\/wp-content\/uploads\/2019\/01\/novaface-1-600x600.png 600w, https:\/\/www.educamaker.com.br\/portal\/wp-content\/uploads\/2019\/01\/novaface-1-160x160.png 160w\" sizes=\"auto, (max-width: 750px) 100vw, 750px\" \/>\t\t\t\t\t\t\t\t<\/a><\/p>\n<p style=\"text-align: center;\">&#8220;Educa\u00e7\u00e3o n\u00e3o transforma o mundo. Educa\u00e7\u00e3o muda as pessoas. Pessoas transformam o mundo.&#8221;<\/p>\n<p style=\"color: #060606; font-family: font-family: raleway; font-weight: 400; font-size: 20px; margin: 30px 40px 0px 40px;\">A educa\u00e7\u00e3o de qualidade e acess\u00edvel \u00e9 o \u00fanico caminho poss\u00edvel para uma sociedade de paz construir um mundo melhor para todos.<\/p>\n<p style=\"color: #060606; font-family: font-family: raleway; font-weight: 400; font-size: 20px; margin: 30px 40px 30px 40px;\">Com esse prop\u00f3sito a EducaMaker lan\u00e7ou o &#8220;Programa Adote um Aluno 2019&#8243; que por meio de associa\u00e7\u00f5es parceiras ir\u00e1 levar um cursinho preparat\u00f3rio para o ENEM e vestibulares para jovens carentes com potencial de ingressar em um curso universit\u00e1rio.&#8221;<\/p>\n<p style=\"text-align: center;\">Como Funciona?<\/p>\n<p style=\"color: #060606; font-family: font-family: raleway; font-weight: 400; font-size: 16px; text-align: center;\">Voc\u00ea adota um ou v\u00e1rios alunos, eles recebem o Material Digital completo com mais de 1000 videoaulas, milhares de exerc\u00edcios e simulados, em uma plataforma inteligente com um plano de estudos perfeito.<\/p>\n<p style=\"color: #060606; font-family: Raleway font-family: raleway; font-weight: 400; font-size: 16px; text-align: center;\">Voc\u00ea recebe um login especial da EducaMaker em que poder\u00e1 acompanhar todos os alunos adotados, inclusive poder\u00e1 enviar mensagens motivacionais durante o ano letivo quando quiser.<\/p>\n<p style=\"color: #060606; font-family: font-family: raleway; font-weight: 400; font-size: 16px; text-align: center;\">A plataforma de ensino da EducaMaker \u00e9 inteligente e por isso consegue identificar as grandes potencialidades dos jovens, dessa forma aqueles que atingirem um bom desempenho poder\u00e3o solicitar mais servi\u00e7os digitais da plataforma.<\/p>\n<h2>O que acontece depois que eu adotar um aluno?<\/h2>\n<p>\t\t\t\t\t\t\t\t\t\t<img decoding=\"async\" src=\"https:\/\/www.educamaker.com.br\/portal\/wp-content\/uploads\/elementor\/thumbs\/opened-email-envelope-o2hijmml9ebh0ugafta27x831g1nl7x6s7p7w3m7zc.png\" title=\"opened-email-envelope\" alt=\"opened-email-envelope\" \/>\t\t\t\t\t\t\t\t\t\t\t<\/p>\n<p>N\u00d3S HABILITAMOS OS PADRINHOS<\/p>\n<p>Ap\u00f3s receber a confirma\u00e7\u00e3o do pagamento, vamos criar um perfil exclusivo com um acesso a \u00c1rea do Padrinho e encaminhar em seu e-mail.<\/p>\n<p>\t\t\t\t\t\t\t\t\t\t<img decoding=\"async\" src=\"https:\/\/www.educamaker.com.br\/portal\/wp-content\/uploads\/elementor\/thumbs\/one-finger-tap-gesture-of-outlined-hand-symbol-o2himolph0i0r80jlmtetnh0jizllt1s7c111h35rc.png\" title=\"one-finger-tap-gesture-of-outlined-hand-symbol\" alt=\"one-finger-tap-gesture-of-outlined-hand-symbol\" \/>\t\t\t\t\t\t\t\t\t\t\t<\/p>\n<p>VOC\u00ca ACESSA NOSSA PLATAFORMA<\/p>\n<p>Ao acessar ir\u00e1 aparecer um bot\u00e3o exclusivo para voc\u00ea ter acesso a \u00c1rea do Padrinho. <\/p>\n<p>\t\t\t\t\t\t\t\t\t\t<img decoding=\"async\" src=\"https:\/\/www.educamaker.com.br\/portal\/wp-content\/uploads\/elementor\/thumbs\/chil-hand-on-the-hand-of-an-adult-o2hiplvmqgi4vjrmiwbmkwwn2okpjwnpxt3esgr2eg.png\" title=\"chil-hand-on-the-hand-of-an-adult\" alt=\"chil-hand-on-the-hand-of-an-adult\" \/>\t\t\t\t\t\t\t\t\t\t\t<\/p>\n<p>VOC\u00ca ESCOLHE COMO ADOTAR<\/p>\n<p>Agora voc\u00ea j\u00e1 pode escolher se quer indicar os alunos para ado\u00e7\u00e3o ou se prefere que a EducaMaker atrav\u00e9s de institui\u00e7\u00f5es parceiras indique.<\/p>\n<p>\t\t\t\t\t\t\t\t\t\t<img decoding=\"async\" src=\"https:\/\/www.educamaker.com.br\/portal\/wp-content\/uploads\/elementor\/thumbs\/line-chart-o2hirjfos75cqoyl8qe0pfcr171vdibuvddcaxvxm0.png\" title=\"line-chart\" alt=\"line-chart\" \/>\t\t\t\t\t\t\t\t\t\t\t<\/p>\n<p>ACOMPANHE O DESEMPENHO<\/p>\n<p>Na \u00c1rea do Padrinho voc\u00ea pode acessar quando quiser e acompanhar o desempenho de suas ado\u00e7\u00f5es.<\/p>\n<p>\t\t\t<a href=\"https:\/\/www.educamaker.com.br\/portal\/tutorial-adote-um-aluno\/\" role=\"button\"><br \/>\n\t\t\t\t\t\tSaiba Mais<br \/>\n\t\t\t\t\t<\/a><\/p>\n<p style=\"text-align: center;\">Quanto custa transformar o mundo de uma pessoa?<\/p>\n<p style=\"color: #22d5d4; font-family: font-family: raleway; font-weight: bold; font-size: 24px; text-align: left; margin-left: 30px;\">Material Digital<\/p>\n<p style=\"color: #f5fbfb; font-family: font-family: raleway; font-weight: 400; font-size: 16px; text-align: left; margin-left: 30px;\">+ de 1000 videoaulas com todo conte\u00fado do Ensino M\u00e9dio, milhares de exerc\u00edcios e simulados, plataforma inteligente, corre\u00e7\u00f5es com m\u00e9todo TRI, an\u00e1lise de desempenho e plano de estudo personalizado.<\/p>\n<p style=\"color: #22d5d4; font-family: font-family: raleway; font-weight: 700; font-size: 24px; text-align: left; margin-left: 30px;\">Login de Acesso<\/p>\n<p style=\"color: #f5fbfb; font-family: font-family: raleway; font-weight: 400; font-size: 16px; text-align: left; margin-left: 30px;\">Acesso ao desempenho dos alunos de forma individual ou em grupo e envio de mensagens atrav\u00e9s da plataforma.<\/p>\n<p style=\"color: #22d5d4; font-family: font-family: raleway; font-weight: bold; font-size: 24px; text-align: left; margin-left: 30px;\">Selo EducaMaker<\/p>\n<p style=\"color: #f5fbfb; font-family: font-family: raleway; font-weight: 400; font-size: 16px; text-align: left; margin-left: 30px;\">Sua marca ir\u00e1 aparecer em nosso hall das empresas amigas, voc\u00ea poder\u00e1 utilizar nosso selo para divulgar suas a\u00e7\u00f5es sociais em seu site e seus redes sociais. Al\u00e9m disso ir\u00e1 saber o caminho do seu investimento.<\/p>\n<p>\t\t\t\t\t\t\t\t\t\t\t<a href=\"https:\/\/www.educamaker.com.br\/portal\/produto\/programa-adote-um-aluno-2019\/\" data-elementor-open-lightbox=\"\"><br \/>\n\t\t\t\t\t\t\t<img loading=\"lazy\" decoding=\"async\" width=\"750\" height=\"142\" src=\"https:\/\/www.educamaker.com.br\/portal\/wp-content\/uploads\/2019\/01\/icon55.png\" alt=\"\" srcset=\"https:\/\/www.educamaker.com.br\/portal\/wp-content\/uploads\/2019\/01\/icon55.png 971w, https:\/\/www.educamaker.com.br\/portal\/wp-content\/uploads\/2019\/01\/icon55-300x57.png 300w, https:\/\/www.educamaker.com.br\/portal\/wp-content\/uploads\/2019\/01\/icon55-768x146.png 768w, https:\/\/www.educamaker.com.br\/portal\/wp-content\/uploads\/2019\/01\/icon55-600x114.png 600w\" sizes=\"auto, (max-width: 750px) 100vw, 750px\" \/>\t\t\t\t\t\t\t\t<\/a><\/p>\n<p><strong>Ainda est\u00e1 com d\u00favidas?<\/strong><\/p>\n<p><strong>Contate-nos&#8230;<\/strong><\/p>\n<p><strong>Rua Kozen Igue, 300 &#8211; Granville Parque Res.<\/strong><\/p>\n<p><strong>Cep: 86047-220 &#8211; Londrina &#8211; Paran\u00e1<\/strong><\/p>\n<p><strong>Fone: +55 (43) 3343-3744<\/strong><\/p>\n<p><strong>E-mail: contato@educamaker.com.br<\/strong><\/p>\n<p>\n<div class=\"wpcf7 no-js\" id=\"wpcf7-f574-o1\" lang=\"pt-BR\" dir=\"ltr\" data-wpcf7-id=\"574\">\n<div class=\"screen-reader-response\"><p role=\"status\" aria-live=\"polite\" aria-atomic=\"true\"><\/p> <ul><\/ul><\/div>\n<form action=\"\/portal\/wp-json\/wp\/v2\/pages\/2101#wpcf7-f574-o1\" method=\"post\" class=\"wpcf7-form init\" aria-label=\"Formul\u00e1rios de contato\" novalidate=\"novalidate\" data-status=\"init\">\n<div style=\"display: none;\">\n<input type=\"hidden\" name=\"_wpcf7\" value=\"574\" \/>\n<input type=\"hidden\" name=\"_wpcf7_version\" value=\"6.0.6\" \/>\n<input type=\"hidden\" name=\"_wpcf7_locale\" value=\"pt_BR\" \/>\n<input type=\"hidden\" name=\"_wpcf7_unit_tag\" value=\"wpcf7-f574-o1\" \/>\n<input type=\"hidden\" name=\"_wpcf7_container_post\" value=\"0\" \/>\n<input type=\"hidden\" name=\"_wpcf7_posted_data_hash\" value=\"\" \/>\n<\/div>\n<p><label>* Nome<br \/>\n<span class=\"wpcf7-form-control-wrap\" data-name=\"your-name\"><input size=\"40\" maxlength=\"400\" class=\"wpcf7-form-control wpcf7-text wpcf7-validates-as-required\" aria-required=\"true\" aria-invalid=\"false\" value=\"\" type=\"text\" name=\"your-name\" \/><\/span> <\/label>\n<\/p>\n<p><label>* E-mail<br \/>\n<span class=\"wpcf7-form-control-wrap\" data-name=\"your-email\"><input size=\"40\" maxlength=\"400\" class=\"wpcf7-form-control wpcf7-email wpcf7-validates-as-required wpcf7-text wpcf7-validates-as-email\" aria-required=\"true\" aria-invalid=\"false\" value=\"\" type=\"email\" name=\"your-email\" \/><\/span> <\/label><br \/>\n<label>Telefone<br \/>\n<span class=\"wpcf7-form-control-wrap\" data-name=\"phone\"><input size=\"40\" maxlength=\"400\" class=\"wpcf7-form-control wpcf7-tel wpcf7-text wpcf7-validates-as-tel\" aria-invalid=\"false\" value=\"\" type=\"tel\" name=\"phone\" \/><\/span> <\/label><br \/>\n<label>Deixe seu recado.<br \/>\n<span class=\"wpcf7-form-control-wrap\" data-name=\"Deixeseurecado_\"><textarea cols=\"40\" rows=\"10\" maxlength=\"2000\" class=\"wpcf7-form-control wpcf7-textarea\" aria-invalid=\"false\" name=\"Deixeseurecado_\"><\/textarea><\/span> <\/label>\n<\/p>\n<p><input class=\"wpcf7-form-control wpcf7-submit has-spinner\" type=\"submit\" value=\"Enviar\" \/>\n<\/p><div class=\"wpcf7-response-output\" aria-hidden=\"true\"><\/div>\n<\/form>\n<\/div>\n<br \/>\n\t\t\t\t\t\t\t\t\t\t<img decoding=\"async\" src=\"https:\/\/www.educamaker.com.br\/portal\/wp-content\/uploads\/elementor\/thumbs\/WhatsApp-icone-o1z6qa8hb6i9g8m4my9l2ckjneq8quv2szz4c0nez4.png\" title=\"WhatsApp-icone\" alt=\"WhatsApp-icone\" \/><\/p>\n","protected":false},"excerpt":{"rendered":"<p>EducaMaker Responsabilidade Social Programa Adote um Aluno 2019 &#8220;Com um pequeno investimento, voc\u00ea transforma a vida de muitos jovens brasileiros.&#8221; &#8220;Educa\u00e7\u00e3o n\u00e3o transforma o mundo. Educa\u00e7\u00e3o muda as pessoas. Pessoas transformam o mundo.&#8221; A educa\u00e7\u00e3o de qualidade e acess\u00edvel \u00e9 o \u00fanico caminho poss\u00edvel para uma sociedade de paz construir [&hellip;]<\/p>\n","protected":false},"author":11,"featured_media":0,"parent":0,"menu_order":0,"comment_status":"closed","ping_status":"closed","template":"elementor_header_footer","meta":{"footnotes":""},"class_list":["post-2101","page","type-page","status-publish","hentry"],"yoast_head":"<!-- This site is optimized with the Yoast SEO plugin v27.2 - https:\/\/yoast.com\/product\/yoast-seo-wordpress\/ -->\n<title>Programa Adote um Aluno - Cursinho Online Educamaker<\/title>\n<meta name=\"robots\" content=\"noindex, follow, max-snippet:-1, max-image-preview:large, max-video-preview:-1\" \/>\n<meta name=\"twitter:card\" content=\"summary_large_image\" \/>\n<meta name=\"twitter:title\" content=\"Programa Adote um Aluno - Cursinho Online Educamaker\" \/>\n<meta name=\"twitter:description\" content=\"EducaMaker Responsabilidade Social Programa Adote um Aluno 2019 &#8220;Com um pequeno investimento, voc\u00ea transforma a vida de muitos jovens brasileiros.&#8221; &#8220;Educa\u00e7\u00e3o n\u00e3o transforma o mundo. Educa\u00e7\u00e3o muda as pessoas. Pessoas transformam o mundo.&#8221; A educa\u00e7\u00e3o de qualidade e acess\u00edvel \u00e9 o \u00fanico caminho poss\u00edvel para uma sociedade de paz construir [&hellip;]\" \/>\n<meta name=\"twitter:image\" content=\"https:\/\/www.educamaker.com.br\/portal\/wp-content\/uploads\/2019\/01\/linha-banner.png\" \/>\n<meta name=\"twitter:label1\" content=\"Est. tempo de leitura\" \/>\n\t<meta name=\"twitter:data1\" content=\"2 minutos\" \/>\n<script type=\"application\/ld+json\" class=\"yoast-schema-graph\">{\"@context\":\"https:\/\/schema.org\",\"@graph\":[{\"@type\":\"WebPage\",\"@id\":\"https:\/\/www.educamaker.com.br\/portal\/programa-adote-um-aluno\/\",\"url\":\"https:\/\/www.educamaker.com.br\/portal\/programa-adote-um-aluno\/\",\"name\":\"Programa Adote um Aluno - Cursinho Online Educamaker\",\"isPartOf\":{\"@id\":\"https:\/\/www.educamaker.com.br\/portal\/#website\"},\"primaryImageOfPage\":{\"@id\":\"https:\/\/www.educamaker.com.br\/portal\/programa-adote-um-aluno\/#primaryimage\"},\"image\":{\"@id\":\"https:\/\/www.educamaker.com.br\/portal\/programa-adote-um-aluno\/#primaryimage\"},\"thumbnailUrl\":\"https:\/\/www.educamaker.com.br\/portal\/wp-content\/uploads\/2019\/01\/linha-banner-300x26.png\",\"datePublished\":\"2018-12-20T15:56:25+00:00\",\"dateModified\":\"2019-01-25T13:25:14+00:00\",\"breadcrumb\":{\"@id\":\"https:\/\/www.educamaker.com.br\/portal\/programa-adote-um-aluno\/#breadcrumb\"},\"inLanguage\":\"pt-BR\",\"potentialAction\":[{\"@type\":\"ReadAction\",\"target\":[\"https:\/\/www.educamaker.com.br\/portal\/programa-adote-um-aluno\/\"]}]},{\"@type\":\"ImageObject\",\"inLanguage\":\"pt-BR\",\"@id\":\"https:\/\/www.educamaker.com.br\/portal\/programa-adote-um-aluno\/#primaryimage\",\"url\":\"https:\/\/www.educamaker.com.br\/portal\/wp-content\/uploads\/2019\/01\/linha-banner.png\",\"contentUrl\":\"https:\/\/www.educamaker.com.br\/portal\/wp-content\/uploads\/2019\/01\/linha-banner.png\",\"width\":580,\"height\":50},{\"@type\":\"BreadcrumbList\",\"@id\":\"https:\/\/www.educamaker.com.br\/portal\/programa-adote-um-aluno\/#breadcrumb\",\"itemListElement\":[{\"@type\":\"ListItem\",\"position\":1,\"name\":\"In\u00edcio\",\"item\":\"https:\/\/www.educamaker.com.br\/portal\/\"},{\"@type\":\"ListItem\",\"position\":2,\"name\":\"Programa Adote um Aluno\"}]},{\"@type\":\"WebSite\",\"@id\":\"https:\/\/www.educamaker.com.br\/portal\/#website\",\"url\":\"https:\/\/www.educamaker.com.br\/portal\/\",\"name\":\"Cursinho Online Educamaker\",\"description\":\"Cursinho Online focado nos principais vestibulares e no ENEM\",\"publisher\":{\"@id\":\"https:\/\/www.educamaker.com.br\/portal\/#organization\"},\"potentialAction\":[{\"@type\":\"SearchAction\",\"target\":{\"@type\":\"EntryPoint\",\"urlTemplate\":\"https:\/\/www.educamaker.com.br\/portal\/?s={search_term_string}\"},\"query-input\":{\"@type\":\"PropertyValueSpecification\",\"valueRequired\":true,\"valueName\":\"search_term_string\"}}],\"inLanguage\":\"pt-BR\"},{\"@type\":\"Organization\",\"@id\":\"https:\/\/www.educamaker.com.br\/portal\/#organization\",\"name\":\"Educamaker\",\"url\":\"https:\/\/www.educamaker.com.br\/portal\/\",\"logo\":{\"@type\":\"ImageObject\",\"inLanguage\":\"pt-BR\",\"@id\":\"https:\/\/www.educamaker.com.br\/portal\/#\/schema\/logo\/image\/\",\"url\":\"https:\/\/www.educamaker.com.br\/portal\/wp-content\/uploads\/2018\/04\/Logo-Principal.png\",\"contentUrl\":\"https:\/\/www.educamaker.com.br\/portal\/wp-content\/uploads\/2018\/04\/Logo-Principal.png\",\"width\":1250,\"height\":834,\"caption\":\"Educamaker\"},\"image\":{\"@id\":\"https:\/\/www.educamaker.com.br\/portal\/#\/schema\/logo\/image\/\"},\"sameAs\":[\"https:\/\/facebook.com\/educamakerbr\",\"https:\/\/instagram.com\/educamaker\",\"https:\/\/www.youtube.com\/educamaker\"]}]}<\/script>\n<!-- \/ Yoast SEO plugin. -->","yoast_head_json":{"title":"Programa Adote um Aluno - Cursinho Online Educamaker","robots":{"index":"noindex","follow":"follow","max-snippet":"max-snippet:-1","max-image-preview":"max-image-preview:large","max-video-preview":"max-video-preview:-1"},"twitter_card":"summary_large_image","twitter_title":"Programa Adote um Aluno - Cursinho Online Educamaker","twitter_description":"EducaMaker Responsabilidade Social Programa Adote um Aluno 2019 &#8220;Com um pequeno investimento, voc\u00ea transforma a vida de muitos jovens brasileiros.&#8221; &#8220;Educa\u00e7\u00e3o n\u00e3o transforma o mundo. Educa\u00e7\u00e3o muda as pessoas. Pessoas transformam o mundo.&#8221; A educa\u00e7\u00e3o de qualidade e acess\u00edvel \u00e9 o \u00fanico caminho poss\u00edvel para uma sociedade de paz construir [&hellip;]","twitter_image":"https:\/\/www.educamaker.com.br\/portal\/wp-content\/uploads\/2019\/01\/linha-banner.png","twitter_misc":{"Est. tempo de leitura":"2 minutos"},"schema":{"@context":"https:\/\/schema.org","@graph":[{"@type":"WebPage","@id":"https:\/\/www.educamaker.com.br\/portal\/programa-adote-um-aluno\/","url":"https:\/\/www.educamaker.com.br\/portal\/programa-adote-um-aluno\/","name":"Programa Adote um Aluno - Cursinho Online Educamaker","isPartOf":{"@id":"https:\/\/www.educamaker.com.br\/portal\/#website"},"primaryImageOfPage":{"@id":"https:\/\/www.educamaker.com.br\/portal\/programa-adote-um-aluno\/#primaryimage"},"image":{"@id":"https:\/\/www.educamaker.com.br\/portal\/programa-adote-um-aluno\/#primaryimage"},"thumbnailUrl":"https:\/\/www.educamaker.com.br\/portal\/wp-content\/uploads\/2019\/01\/linha-banner-300x26.png","datePublished":"2018-12-20T15:56:25+00:00","dateModified":"2019-01-25T13:25:14+00:00","breadcrumb":{"@id":"https:\/\/www.educamaker.com.br\/portal\/programa-adote-um-aluno\/#breadcrumb"},"inLanguage":"pt-BR","potentialAction":[{"@type":"ReadAction","target":["https:\/\/www.educamaker.com.br\/portal\/programa-adote-um-aluno\/"]}]},{"@type":"ImageObject","inLanguage":"pt-BR","@id":"https:\/\/www.educamaker.com.br\/portal\/programa-adote-um-aluno\/#primaryimage","url":"https:\/\/www.educamaker.com.br\/portal\/wp-content\/uploads\/2019\/01\/linha-banner.png","contentUrl":"https:\/\/www.educamaker.com.br\/portal\/wp-content\/uploads\/2019\/01\/linha-banner.png","width":580,"height":50},{"@type":"BreadcrumbList","@id":"https:\/\/www.educamaker.com.br\/portal\/programa-adote-um-aluno\/#breadcrumb","itemListElement":[{"@type":"ListItem","position":1,"name":"In\u00edcio","item":"https:\/\/www.educamaker.com.br\/portal\/"},{"@type":"ListItem","position":2,"name":"Programa Adote um Aluno"}]},{"@type":"WebSite","@id":"https:\/\/www.educamaker.com.br\/portal\/#website","url":"https:\/\/www.educamaker.com.br\/portal\/","name":"Cursinho Online Educamaker","description":"Cursinho Online focado nos principais vestibulares e no ENEM","publisher":{"@id":"https:\/\/www.educamaker.com.br\/portal\/#organization"},"potentialAction":[{"@type":"SearchAction","target":{"@type":"EntryPoint","urlTemplate":"https:\/\/www.educamaker.com.br\/portal\/?s={search_term_string}"},"query-input":{"@type":"PropertyValueSpecification","valueRequired":true,"valueName":"search_term_string"}}],"inLanguage":"pt-BR"},{"@type":"Organization","@id":"https:\/\/www.educamaker.com.br\/portal\/#organization","name":"Educamaker","url":"https:\/\/www.educamaker.com.br\/portal\/","logo":{"@type":"ImageObject","inLanguage":"pt-BR","@id":"https:\/\/www.educamaker.com.br\/portal\/#\/schema\/logo\/image\/","url":"https:\/\/www.educamaker.com.br\/portal\/wp-content\/uploads\/2018\/04\/Logo-Principal.png","contentUrl":"https:\/\/www.educamaker.com.br\/portal\/wp-content\/uploads\/2018\/04\/Logo-Principal.png","width":1250,"height":834,"caption":"Educamaker"},"image":{"@id":"https:\/\/www.educamaker.com.br\/portal\/#\/schema\/logo\/image\/"},"sameAs":["https:\/\/facebook.com\/educamakerbr","https:\/\/instagram.com\/educamaker","https:\/\/www.youtube.com\/educamaker"]}]}},"_links":{"self":[{"href":"https:\/\/www.educamaker.com.br\/portal\/wp-json\/wp\/v2\/pages\/2101","targetHints":{"allow":["GET"]}}],"collection":[{"href":"https:\/\/www.educamaker.com.br\/portal\/wp-json\/wp\/v2\/pages"}],"about":[{"href":"https:\/\/www.educamaker.com.br\/portal\/wp-json\/wp\/v2\/types\/page"}],"author":[{"embeddable":true,"href":"https:\/\/www.educamaker.com.br\/portal\/wp-json\/wp\/v2\/users\/11"}],"replies":[{"embeddable":true,"href":"https:\/\/www.educamaker.com.br\/portal\/wp-json\/wp\/v2\/comments?post=2101"}],"version-history":[{"count":138,"href":"https:\/\/www.educamaker.com.br\/portal\/wp-json\/wp\/v2\/pages\/2101\/revisions"}],"predecessor-version":[{"id":3418,"href":"https:\/\/www.educamaker.com.br\/portal\/wp-json\/wp\/v2\/pages\/2101\/revisions\/3418"}],"wp:attachment":[{"href":"https:\/\/www.educamaker.com.br\/portal\/wp-json\/wp\/v2\/media?parent=2101"}],"curies":[{"name":"wp","href":"https:\/\/api.w.org\/{rel}","templated":true}]}}